{"id":12049,"date":"2022-08-19T08:45:23","date_gmt":"2022-08-19T05:45:23","guid":{"rendered":"https:\/\/planet27.eu\/?page_id=12049"},"modified":"2024-07-12T20:44:21","modified_gmt":"2024-07-12T17:44:21","slug":"meie-narva","status":"publish","type":"page","link":"https:\/\/www.planet27.eu\/?page_id=12049&lang=et","title":{"rendered":"Meie Narva"},"content":{"rendered":"\t\t<div data-elementor-type=\"wp-page\" data-elementor-id=\"12049\" class=\"elementor elementor-12049\">\n\t\t\t\t\t\t<section class=\"elementor-section elementor-top-section elementor-element elementor-element-6f7b687 elementor-section-boxed elementor-section-height-default elementor-section-height-default\" data-id=\"6f7b687\" data-element_type=\"section\">\n\t\t\t\t\t\t<div class=\"elementor-container elementor-column-gap-default\">\n\t\t\t\t\t<div class=\"elementor-column elementor-col-100 elementor-top-column elementor-element elementor-element-cdc1bb4\" data-id=\"cdc1bb4\" data-element_type=\"column\">\n\t\t\t<div class=\"elementor-widget-wrap elementor-element-populated\">\n\t\t\t\t\t\t<section class=\"elementor-section elementor-inner-section elementor-element elementor-element-bdb3072 elementor-section-boxed elementor-section-height-default elementor-section-height-default\" data-id=\"bdb3072\" data-element_type=\"section\">\n\t\t\t\t\t\t<div class=\"elementor-container elementor-column-gap-default\">\n\t\t\t\t\t<div class=\"elementor-column elementor-col-50 elementor-inner-column elementor-element elementor-element-c2f4493\" data-id=\"c2f4493\" data-element_type=\"column\">\n\t\t\t<div class=\"elementor-widget-wrap elementor-element-populated\">\n\t\t\t\t\t\t<div class=\"elementor-element elementor-element-1aa4ff0 elementor-widget elementor-widget-text-editor\" data-id=\"1aa4ff0\" data-element_type=\"widget\" data-widget_type=\"text-editor.default\">\n\t\t\t\t<div class=\"elementor-widget-container\">\n\t\t\t\t\t\t\t\t\t<p>Osa Eesti elanikest peab Ida-Virumaad depressiivseks piirkonnaks. Selle m\u00fc\u00fcdi kummutamiseks tegime 26 filmi Narva elanikest. L\u00fchivideotes r\u00e4\u00e4givad narvalased sellest, miks nad armastavad oma linna. Euroopa kultuuripealinna 2024 tiitli konkursi ajal kasutas algatusr\u00fchm osa filmidest linna positiivse kuvandi loomiseks. Projekti toetasid linnakultuuri osakond ja turvafirma Rapid Security.<\/p>\t\t\t\t\t\t\t\t<\/div>\n\t\t\t\t<\/div>\n\t\t\t\t\t<\/div>\n\t\t<\/div>\n\t\t\t\t<div class=\"elementor-column elementor-col-50 elementor-inner-column elementor-element elementor-element-977a1ff\" data-id=\"977a1ff\" data-element_type=\"column\">\n\t\t\t<div class=\"elementor-widget-wrap elementor-element-populated\">\n\t\t\t\t\t\t<div class=\"elementor-element elementor-element-5a49a22 elementor-widget elementor-widget-text-editor\" data-id=\"5a49a22\" data-element_type=\"widget\" data-widget_type=\"text-editor.default\">\n\t\t\t\t<div class=\"elementor-widget-container\">\n\t\t\t\t\t\t\t\t\t<p><iframe title=\"\u041d\u0430\u0448\u0430 \u041d\u0430\u0440\u0432\u0430 \u0441 \u0440\u0430\u0437\u043d\u044b\u0445 \u0443\u0433\u043b\u043e\u0432 \u0437\u0440\u0435\u043d\u0438\u044f  . \u0444\u0438\u043b\u044c\u043c 8. \u0410\u043b\u0435\u043a\u0441\u0435\u0439 \u0415\u0432\u0433\u0440\u0430\u0444\u043e\u0432\" width=\"640\" height=\"360\" src=\"https:\/\/www.youtube.com\/embed\/RmVsSVZr1so?feature=oembed\" frameborder=\"0\" allow=\"accelerometer; autoplay; clipboard-write; encrypted-media; gyroscope; picture-in-picture; web-share\" referrerpolicy=\"strict-origin-when-cross-origin\" allowfullscreen><\/iframe><\/p>\t\t\t\t\t\t\t\t<\/div>\n\t\t\t\t<\/div>\n\t\t\t\t\t<\/div>\n\t\t<\/div>\n\t\t\t\t\t<\/div>\n\t\t<\/section>\n\t\t\t\t\t<\/div>\n\t\t<\/div>\n\t\t\t\t\t<\/div>\n\t\t<\/section>\n\t\t\t\t<\/div>\n\t\t","protected":false},"excerpt":{"rendered":"<p>Osa Eesti elanikest peab Ida-Virumaad depressiivseks piirkonnaks. Selle m\u00fc\u00fcdi kummutamiseks tegime 26 filmi Narva elanikest. L\u00fchivideotes r\u00e4\u00e4givad narvalased sellest, miks nad armastavad oma linna. Euroopa kultuuripealinna 2024 tiitli konkursi ajal kasutas algatusr\u00fchm osa filmidest linna positiivse kuvandi loomiseks. Projekti toetasid linnakultuuri osakond ja turvafirma Rapid Security.<\/p>\n","protected":false},"author":1,"featured_media":0,"parent":45,"menu_order":5,"comment_status":"closed","ping_status":"closed","template":"","meta":{"ngg_post_thumbnail":0,"footnotes":""},"_links":{"self":[{"href":"https:\/\/www.planet27.eu\/index.php?rest_route=\/wp\/v2\/pages\/12049"}],"collection":[{"href":"https:\/\/www.planet27.eu\/index.php?rest_route=\/wp\/v2\/pages"}],"about":[{"href":"https:\/\/www.planet27.eu\/index.php?rest_route=\/wp\/v2\/types\/page"}],"author":[{"embeddable":true,"href":"https:\/\/www.planet27.eu\/index.php?rest_route=\/wp\/v2\/users\/1"}],"replies":[{"embeddable":true,"href":"https:\/\/www.planet27.eu\/index.php?rest_route=%2Fwp%2Fv2%2Fcomments&post=12049"}],"version-history":[{"count":5,"href":"https:\/\/www.planet27.eu\/index.php?rest_route=\/wp\/v2\/pages\/12049\/revisions"}],"predecessor-version":[{"id":12477,"href":"https:\/\/www.planet27.eu\/index.php?rest_route=\/wp\/v2\/pages\/12049\/revisions\/12477"}],"up":[{"embeddable":true,"href":"https:\/\/www.planet27.eu\/index.php?rest_route=\/wp\/v2\/pages\/45"}],"wp:attachment":[{"href":"https:\/\/www.planet27.eu\/index.php?rest_route=%2Fwp%2Fv2%2Fmedia&parent=12049"}],"curies":[{"name":"wp","href":"https:\/\/api.w.org\/{rel}","templated":true}]}}