{"id":12332,"date":"2022-09-15T12:56:27","date_gmt":"2022-09-15T09:56:27","guid":{"rendered":"https:\/\/planet27.eu\/?page_id=12332"},"modified":"2022-09-15T12:59:04","modified_gmt":"2022-09-15T09:59:04","slug":"%d0%bceie-vaartused-ja-eesmargid","status":"publish","type":"page","link":"https:\/\/www.planet27.eu\/?page_id=12332&lang=et","title":{"rendered":"\u041ceie v\u00e4\u00e4rtused ja eesm\u00e4rgid"},"content":{"rendered":"\t\t<div data-elementor-type=\"wp-page\" data-elementor-id=\"12332\" class=\"elementor elementor-12332\">\n\t\t\t\t\t\t<section class=\"elementor-section elementor-top-section elementor-element elementor-element-ffc19e9 elementor-section-boxed elementor-section-height-default elementor-section-height-default\" data-id=\"ffc19e9\" data-element_type=\"section\">\n\t\t\t\t\t\t<div class=\"elementor-container elementor-column-gap-default\">\n\t\t\t\t\t<div class=\"elementor-column elementor-col-100 elementor-top-column elementor-element elementor-element-c8723ad\" data-id=\"c8723ad\" data-element_type=\"column\">\n\t\t\t<div class=\"elementor-widget-wrap elementor-element-populated\">\n\t\t\t\t\t\t<div class=\"elementor-element elementor-element-a424cfa elementor-widget elementor-widget-text-editor\" data-id=\"a424cfa\" data-element_type=\"widget\" data-widget_type=\"text-editor.default\">\n\t\t\t\t<div class=\"elementor-widget-container\">\n\t\t\t\t\t\t\t\t\t<ol><li>T\u00e4iskasvanutele ja noortele (sh erivajadustega) erinevates formaatides koolituste l\u00e4biviimine, kohanemis- ja eneseteostusp\u00e4devuste arendamine kiiresti muutuvas keskkonnas (rohkem inimeste , kes on v\u00f5imelised teadlikult oma elu ja karj\u00e4\u00e4ri \u00fcles ehitama, muutuma uutes tingimustes ja pidevalt arenema)<\/li><li>Kaasaegsete \u00f5ppemeetodite ja suundade rakendamine, sh ressursside ja v\u00f5imaluste laiendamine\u00a0 ning selleks uue digireaalsuse loomine (mitteformalse \u00f5ppe kvaliteedi parandamine)<\/li><li>Kaasamise, l\u00f5imumise ja seisukoha &#8220;\u00f5ppimine ja areng kogu elu jooksul&#8221; \u00a0v\u00e4\u00e4rtuste \u00fchiskonda toomine (igas vanuses inimeste sotsiaalse aktiivsuse, sotsiaalse staatuse ja tervisliku seisundi toetamine)<\/li><li>Inimeste mentaalset ja vaimset tervist parandavate tegevuste l\u00e4biviimine (inimeste elukvaliteedi parandamine ja avalikkuse t\u00e4helepanu suunamine pidevale arengule ja aktiivsele eluviisile)<\/li><\/ol>\t\t\t\t\t\t\t\t<\/div>\n\t\t\t\t<\/div>\n\t\t\t\t\t<\/div>\n\t\t<\/div>\n\t\t\t\t\t<\/div>\n\t\t<\/section>\n\t\t\t\t<\/div>\n\t\t","protected":false},"excerpt":{"rendered":"<p>T\u00e4iskasvanutele ja noortele (sh erivajadustega) erinevates formaatides koolituste l\u00e4biviimine, kohanemis- ja eneseteostusp\u00e4devuste arendamine kiiresti muutuvas keskkonnas (rohkem inimeste , kes on v\u00f5imelised teadlikult oma elu ja karj\u00e4\u00e4ri \u00fcles ehitama, muutuma uutes tingimustes ja pidevalt arenema) Kaasaegsete \u00f5ppemeetodite ja suundade rakendamine, sh ressursside ja v\u00f5imaluste laiendamine&nbsp; ning selleks uue digireaalsuse loomine (mitteformalse \u00f5ppe kvaliteedi parandamine) Kaasamise,&#8230;<\/p>\n","protected":false},"author":1,"featured_media":0,"parent":11806,"menu_order":4,"comment_status":"closed","ping_status":"closed","template":"","meta":{"ngg_post_thumbnail":0,"footnotes":""},"_links":{"self":[{"href":"https:\/\/www.planet27.eu\/index.php?rest_route=\/wp\/v2\/pages\/12332"}],"collection":[{"href":"https:\/\/www.planet27.eu\/index.php?rest_route=\/wp\/v2\/pages"}],"about":[{"href":"https:\/\/www.planet27.eu\/index.php?rest_route=\/wp\/v2\/types\/page"}],"author":[{"embeddable":true,"href":"https:\/\/www.planet27.eu\/index.php?rest_route=\/wp\/v2\/users\/1"}],"replies":[{"embeddable":true,"href":"https:\/\/www.planet27.eu\/index.php?rest_route=%2Fwp%2Fv2%2Fcomments&post=12332"}],"version-history":[{"count":5,"href":"https:\/\/www.planet27.eu\/index.php?rest_route=\/wp\/v2\/pages\/12332\/revisions"}],"predecessor-version":[{"id":12337,"href":"https:\/\/www.planet27.eu\/index.php?rest_route=\/wp\/v2\/pages\/12332\/revisions\/12337"}],"up":[{"embeddable":true,"href":"https:\/\/www.planet27.eu\/index.php?rest_route=\/wp\/v2\/pages\/11806"}],"wp:attachment":[{"href":"https:\/\/www.planet27.eu\/index.php?rest_route=%2Fwp%2Fv2%2Fmedia&parent=12332"}],"curies":[{"name":"wp","href":"https:\/\/api.w.org\/{rel}","templated":true}]}}