{"id":12746,"date":"2024-07-13T13:39:21","date_gmt":"2024-07-13T10:39:21","guid":{"rendered":"https:\/\/www.planet27.eu\/?page_id=12746"},"modified":"2024-07-13T13:54:01","modified_gmt":"2024-07-13T10:54:01","slug":"muinasjuturada","status":"publish","type":"page","link":"https:\/\/www.planet27.eu\/?page_id=12746&lang=et","title":{"rendered":"Muinasjuturada"},"content":{"rendered":"\t\t<div data-elementor-type=\"wp-page\" data-elementor-id=\"12746\" class=\"elementor elementor-12746\">\n\t\t\t\t\t\t<section class=\"elementor-section elementor-top-section elementor-element elementor-element-eff396d elementor-section-boxed elementor-section-height-default elementor-section-height-default\" data-id=\"eff396d\" data-element_type=\"section\">\n\t\t\t\t\t\t<div class=\"elementor-container elementor-column-gap-default\">\n\t\t\t\t\t<div class=\"elementor-column elementor-col-100 elementor-top-column elementor-element elementor-element-b02e360\" data-id=\"b02e360\" data-element_type=\"column\">\n\t\t\t<div class=\"elementor-widget-wrap elementor-element-populated\">\n\t\t\t\t\t\t<div class=\"elementor-element elementor-element-504dc31 elementor-widget elementor-widget-text-editor\" data-id=\"504dc31\" data-element_type=\"widget\" data-widget_type=\"text-editor.default\">\n\t\t\t\t<div class=\"elementor-widget-container\">\n\t\t\t\t\t\t\t\t\t<p>Iga\u00fche k\u00e4tes on v\u00f5im m\u00f5ista maailma enda \u00fcmber. Me usume, et igas looduse nurgas on koht v\u00f5lule ja fantaasiale. See inspireerib meid looma ainulaadseid lugusid ja paiku, kus iga\u00fcks v\u00f5ib leida omaenda v\u00f5lumaailma.<\/p><p>M\u00f5ni aasta tagasi, vesteldes Sofiya Khomyakova, s\u00fcndis meil m\u00f5te luua Muinasjutu Rada \u00c4kkek\u00fcla metsapiirkonnas.<\/p><p>Meid inspireeris m\u00f5te ehitada muinasjutulist rada jutustuste &#8220;K\u00fc\u00fclik ja Nugis&#8221; alusel, kuna n\u00e4eme selles v\u00f5imalust tuua laste ja nende perede ellu elemente v\u00f5lumaailmast, fantaasiast ja heatahtlikkusest.<\/p><p>See projekt on m\u00f5eldud looma ainulaadse ruumi, kus igal sammul saab olema seiklus ning \u00fcmbritsev loodus ei ole mitte ainult kaunis taust, vaid aktiivne osaleja muinasjutumaailmas.<\/p>\t\t\t\t\t\t\t\t<\/div>\n\t\t\t\t<\/div>\n\t\t\t\t<section class=\"elementor-section elementor-inner-section elementor-element elementor-element-19344be elementor-section-boxed elementor-section-height-default elementor-section-height-default\" data-id=\"19344be\" data-element_type=\"section\">\n\t\t\t\t\t\t<div class=\"elementor-container elementor-column-gap-default\">\n\t\t\t\t\t<div class=\"elementor-column elementor-col-50 elementor-inner-column elementor-element elementor-element-6fd822e\" data-id=\"6fd822e\" data-element_type=\"column\">\n\t\t\t<div class=\"elementor-widget-wrap elementor-element-populated\">\n\t\t\t\t\t\t<div class=\"elementor-element elementor-element-f5299a6 elementor-widget elementor-widget-image\" data-id=\"f5299a6\" data-element_type=\"widget\" data-widget_type=\"image.default\">\n\t\t\t\t<div class=\"elementor-widget-container\">\n\t\t\t\t\t\t\t\t\t\t\t\t\t\t\t\t<a href=\"http:\/\/www.planet27.eu\/wp-content\/uploads\/2024\/07\/243806196_6211947562210261_3111150277929734757_n.jpg\" data-elementor-open-lightbox=\"yes\" data-elementor-lightbox-title=\"243806196_6211947562210261_3111150277929734757_n\" data-e-action-hash=\"#elementor-action%3Aaction%3Dlightbox%26settings%3DeyJpZCI6MTI1ODgsInVybCI6Imh0dHBzOlwvXC9wbGFuZXQyNy5ldVwvd3AtY29udGVudFwvdXBsb2Fkc1wvMjAyNFwvMDdcLzI0MzgwNjE5Nl82MjExOTQ3NTYyMjEwMjYxXzMxMTExNTAyNzc5Mjk3MzQ3NTdfbi5qcGcifQ%3D%3D\">\n\t\t\t\t\t\t\t<img fetchpriority=\"high\" decoding=\"async\" width=\"640\" height=\"494\" src=\"https:\/\/planet27.eu\/wp-content\/uploads\/2024\/07\/243806196_6211947562210261_3111150277929734757_n.jpg\" class=\"attachment-large size-large wp-image-12588\" alt=\"\" srcset=\"http:\/\/planet27.eu\/wp-content\/uploads\/2024\/07\/243806196_6211947562210261_3111150277929734757_n.jpg 960w, http:\/\/planet27.eu\/wp-content\/uploads\/2024\/07\/243806196_6211947562210261_3111150277929734757_n-300x232.jpg 300w, http:\/\/planet27.eu\/wp-content\/uploads\/2024\/07\/243806196_6211947562210261_3111150277929734757_n-768x593.jpg 768w, http:\/\/planet27.eu\/wp-content\/uploads\/2024\/07\/243806196_6211947562210261_3111150277929734757_n-850x656.jpg 850w, http:\/\/planet27.eu\/wp-content\/uploads\/2024\/07\/243806196_6211947562210261_3111150277929734757_n-600x463.jpg 600w\" sizes=\"(max-width: 640px) 100vw, 640px\" data-wp-pid=\"12588\" \/>\t\t\t\t\t\t\t\t<\/a>\n\t\t\t\t\t\t\t\t\t\t\t\t\t\t\t<\/div>\n\t\t\t\t<\/div>\n\t\t\t\t\t<\/div>\n\t\t<\/div>\n\t\t\t\t<div class=\"elementor-column elementor-col-50 elementor-inner-column elementor-element elementor-element-e154f36\" data-id=\"e154f36\" data-element_type=\"column\">\n\t\t\t<div class=\"elementor-widget-wrap elementor-element-populated\">\n\t\t\t\t\t\t<div class=\"elementor-element elementor-element-190c310 elementor-widget elementor-widget-image\" data-id=\"190c310\" data-element_type=\"widget\" data-widget_type=\"image.default\">\n\t\t\t\t<div class=\"elementor-widget-container\">\n\t\t\t\t\t\t\t\t\t\t\t\t\t\t\t\t<a href=\"http:\/\/www.planet27.eu\/wp-content\/uploads\/2024\/07\/289352701_7655210714550598_7000804756263442562_n.jpg\" data-elementor-open-lightbox=\"yes\" data-elementor-lightbox-title=\"289352701_7655210714550598_7000804756263442562_n\" data-e-action-hash=\"#elementor-action%3Aaction%3Dlightbox%26settings%3DeyJpZCI6MTI1MzEsInVybCI6Imh0dHBzOlwvXC9wbGFuZXQyNy5ldVwvd3AtY29udGVudFwvdXBsb2Fkc1wvMjAyNFwvMDdcLzI4OTM1MjcwMV83NjU1MjEwNzE0NTUwNTk4XzcwMDA4MDQ3NTYyNjM0NDI1NjJfbi5qcGcifQ%3D%3D\">\n\t\t\t\t\t\t\t<img decoding=\"async\" width=\"640\" height=\"480\" src=\"https:\/\/planet27.eu\/wp-content\/uploads\/2024\/07\/289352701_7655210714550598_7000804756263442562_n-1024x768.jpg\" class=\"attachment-large size-large wp-image-12531\" alt=\"\" srcset=\"http:\/\/planet27.eu\/wp-content\/uploads\/2024\/07\/289352701_7655210714550598_7000804756263442562_n-1024x768.jpg 1024w, http:\/\/planet27.eu\/wp-content\/uploads\/2024\/07\/289352701_7655210714550598_7000804756263442562_n-300x225.jpg 300w, http:\/\/planet27.eu\/wp-content\/uploads\/2024\/07\/289352701_7655210714550598_7000804756263442562_n-768x576.jpg 768w, http:\/\/planet27.eu\/wp-content\/uploads\/2024\/07\/289352701_7655210714550598_7000804756263442562_n-850x638.jpg 850w, http:\/\/planet27.eu\/wp-content\/uploads\/2024\/07\/289352701_7655210714550598_7000804756263442562_n-600x450.jpg 600w, http:\/\/planet27.eu\/wp-content\/uploads\/2024\/07\/289352701_7655210714550598_7000804756263442562_n-1200x900.jpg 1200w, http:\/\/planet27.eu\/wp-content\/uploads\/2024\/07\/289352701_7655210714550598_7000804756263442562_n.jpg 1440w\" sizes=\"(max-width: 640px) 100vw, 640px\" data-wp-pid=\"12531\" \/>\t\t\t\t\t\t\t\t<\/a>\n\t\t\t\t\t\t\t\t\t\t\t\t\t\t\t<\/div>\n\t\t\t\t<\/div>\n\t\t\t\t\t<\/div>\n\t\t<\/div>\n\t\t\t\t\t<\/div>\n\t\t<\/section>\n\t\t\t\t<section class=\"elementor-section elementor-inner-section elementor-element elementor-element-857ff2c elementor-section-boxed elementor-section-height-default elementor-section-height-default\" data-id=\"857ff2c\" data-element_type=\"section\">\n\t\t\t\t\t\t<div class=\"elementor-container elementor-column-gap-default\">\n\t\t\t\t\t<div class=\"elementor-column elementor-col-50 elementor-inner-column elementor-element elementor-element-048b8a9\" data-id=\"048b8a9\" data-element_type=\"column\">\n\t\t\t<div class=\"elementor-widget-wrap elementor-element-populated\">\n\t\t\t\t\t\t<div class=\"elementor-element elementor-element-d3f17d5 elementor-widget elementor-widget-image\" data-id=\"d3f17d5\" data-element_type=\"widget\" data-widget_type=\"image.default\">\n\t\t\t\t<div class=\"elementor-widget-container\">\n\t\t\t\t\t\t\t\t\t\t\t\t\t\t\t\t<a href=\"http:\/\/www.planet27.eu\/wp-content\/uploads\/2022\/08\/3-e1720862846159.jpg\" data-elementor-open-lightbox=\"yes\" data-elementor-lightbox-title=\"3\" data-e-action-hash=\"#elementor-action%3Aaction%3Dlightbox%26settings%3DeyJpZCI6MTIxMjEsInVybCI6Imh0dHBzOlwvXC9wbGFuZXQyNy5ldVwvd3AtY29udGVudFwvdXBsb2Fkc1wvMjAyMlwvMDhcLzMtZTE3MjA4NjI4NDYxNTkuanBnIn0%3D\">\n\t\t\t\t\t\t\t<img decoding=\"async\" width=\"640\" height=\"421\" src=\"https:\/\/planet27.eu\/wp-content\/uploads\/2022\/08\/3-e1720862846159.jpg\" class=\"attachment-large size-large wp-image-12121\" alt=\"\" srcset=\"http:\/\/planet27.eu\/wp-content\/uploads\/2022\/08\/3-e1720862846159.jpg 1000w, http:\/\/planet27.eu\/wp-content\/uploads\/2022\/08\/3-e1720862846159-300x197.jpg 300w, http:\/\/planet27.eu\/wp-content\/uploads\/2022\/08\/3-e1720862846159-768x505.jpg 768w, http:\/\/planet27.eu\/wp-content\/uploads\/2022\/08\/3-e1720862846159-600x395.jpg 600w, http:\/\/planet27.eu\/wp-content\/uploads\/2022\/08\/3-e1720862846159-350x230.jpg 350w, http:\/\/planet27.eu\/wp-content\/uploads\/2022\/08\/3-e1720862846159-850x559.jpg 850w\" sizes=\"(max-width: 640px) 100vw, 640px\" data-wp-pid=\"12121\" \/>\t\t\t\t\t\t\t\t<\/a>\n\t\t\t\t\t\t\t\t\t\t\t\t\t\t\t<\/div>\n\t\t\t\t<\/div>\n\t\t\t\t<div class=\"elementor-element elementor-element-3351167 elementor-widget elementor-widget-image\" data-id=\"3351167\" data-element_type=\"widget\" data-widget_type=\"image.default\">\n\t\t\t\t<div class=\"elementor-widget-container\">\n\t\t\t\t\t\t\t\t\t\t\t\t\t\t\t\t<a href=\"http:\/\/www.planet27.eu\/wp-content\/uploads\/2024\/07\/289703468_7663279610410375_3043716632162161937_n-e1720861686203.jpg\" data-elementor-open-lightbox=\"yes\" data-elementor-lightbox-title=\"289703468_7663279610410375_3043716632162161937_n\" data-e-action-hash=\"#elementor-action%3Aaction%3Dlightbox%26settings%3DeyJpZCI6MTI1ODIsInVybCI6Imh0dHBzOlwvXC9wbGFuZXQyNy5ldVwvd3AtY29udGVudFwvdXBsb2Fkc1wvMjAyNFwvMDdcLzI4OTcwMzQ2OF83NjYzMjc5NjEwNDEwMzc1XzMwNDM3MTY2MzIxNjIxNjE5Mzdfbi1lMTcyMDg2MTY4NjIwMy5qcGcifQ%3D%3D\">\n\t\t\t\t\t\t\t<img loading=\"lazy\" decoding=\"async\" width=\"640\" height=\"291\" src=\"https:\/\/planet27.eu\/wp-content\/uploads\/2024\/07\/289703468_7663279610410375_3043716632162161937_n-e1720861686203.jpg\" class=\"attachment-large size-large wp-image-12582\" alt=\"\" srcset=\"http:\/\/planet27.eu\/wp-content\/uploads\/2024\/07\/289703468_7663279610410375_3043716632162161937_n-e1720861686203.jpg 960w, http:\/\/planet27.eu\/wp-content\/uploads\/2024\/07\/289703468_7663279610410375_3043716632162161937_n-e1720861686203-300x136.jpg 300w, http:\/\/planet27.eu\/wp-content\/uploads\/2024\/07\/289703468_7663279610410375_3043716632162161937_n-e1720861686203-768x349.jpg 768w, http:\/\/planet27.eu\/wp-content\/uploads\/2024\/07\/289703468_7663279610410375_3043716632162161937_n-e1720861686203-850x386.jpg 850w, http:\/\/planet27.eu\/wp-content\/uploads\/2024\/07\/289703468_7663279610410375_3043716632162161937_n-e1720861686203-600x273.jpg 600w\" sizes=\"(max-width: 640px) 100vw, 640px\" data-wp-pid=\"12582\" \/>\t\t\t\t\t\t\t\t<\/a>\n\t\t\t\t\t\t\t\t\t\t\t\t\t\t\t<\/div>\n\t\t\t\t<\/div>\n\t\t\t\t\t<\/div>\n\t\t<\/div>\n\t\t\t\t<div class=\"elementor-column elementor-col-50 elementor-inner-column elementor-element elementor-element-b2cffd4\" data-id=\"b2cffd4\" data-element_type=\"column\">\n\t\t\t<div class=\"elementor-widget-wrap elementor-element-populated\">\n\t\t\t\t\t\t<div class=\"elementor-element elementor-element-66ccaa3 elementor-widget elementor-widget-image\" data-id=\"66ccaa3\" data-element_type=\"widget\" data-widget_type=\"image.default\">\n\t\t\t\t<div class=\"elementor-widget-container\">\n\t\t\t\t\t\t\t\t\t\t\t\t\t\t\t\t<a href=\"http:\/\/www.planet27.eu\/wp-content\/uploads\/2024\/07\/310552941_8158269557578042_1335360622145603154_n-2-e1720862670405.jpg\" data-elementor-open-lightbox=\"yes\" data-elementor-lightbox-title=\"310552941_8158269557578042_1335360622145603154_n (2)\" data-e-action-hash=\"#elementor-action%3Aaction%3Dlightbox%26settings%3DeyJpZCI6MTI1ODcsInVybCI6Imh0dHBzOlwvXC9wbGFuZXQyNy5ldVwvd3AtY29udGVudFwvdXBsb2Fkc1wvMjAyNFwvMDdcLzMxMDU1Mjk0MV84MTU4MjY5NTU3NTc4MDQyXzEzMzUzNjA2MjIxNDU2MDMxNTRfbi0yLWUxNzIwODYyNjcwNDA1LmpwZyJ9\">\n\t\t\t\t\t\t\t<img loading=\"lazy\" decoding=\"async\" width=\"640\" height=\"759\" src=\"https:\/\/planet27.eu\/wp-content\/uploads\/2024\/07\/310552941_8158269557578042_1335360622145603154_n-2-e1720862670405.jpg\" class=\"attachment-large size-large wp-image-12587\" alt=\"\" srcset=\"http:\/\/planet27.eu\/wp-content\/uploads\/2024\/07\/310552941_8158269557578042_1335360622145603154_n-2-e1720862670405.jpg 720w, http:\/\/planet27.eu\/wp-content\/uploads\/2024\/07\/310552941_8158269557578042_1335360622145603154_n-2-e1720862670405-253x300.jpg 253w, http:\/\/planet27.eu\/wp-content\/uploads\/2024\/07\/310552941_8158269557578042_1335360622145603154_n-2-e1720862670405-300x356.jpg 300w, http:\/\/planet27.eu\/wp-content\/uploads\/2024\/07\/310552941_8158269557578042_1335360622145603154_n-2-e1720862670405-600x712.jpg 600w\" sizes=\"(max-width: 640px) 100vw, 640px\" data-wp-pid=\"12587\" \/>\t\t\t\t\t\t\t\t<\/a>\n\t\t\t\t\t\t\t\t\t\t\t\t\t\t\t<\/div>\n\t\t\t\t<\/div>\n\t\t\t\t\t<\/div>\n\t\t<\/div>\n\t\t\t\t\t<\/div>\n\t\t<\/section>\n\t\t\t\t<div class=\"elementor-element elementor-element-259cb76 elementor-widget elementor-widget-text-editor\" data-id=\"259cb76\" data-element_type=\"widget\" data-widget_type=\"text-editor.default\">\n\t\t\t\t<div class=\"elementor-widget-container\">\n\t\t\t\t\t\t\t\t\t<div class=\"flex flex-grow flex-col max-w-full\"><div class=\"min-h-[20px] text-message flex flex-col items-start whitespace-pre-wrap break-words [.text-message+&amp;]:mt-5 juice:w-full juice:items-end overflow-x-auto gap-2\" dir=\"auto\" data-message-author-role=\"assistant\" data-message-id=\"563e91fe-96d8-4e5b-89a4-5944a3912b8e\"><div class=\"flex w-full flex-col gap-1 juice:empty:hidden juice:first:pt-[3px]\"><div class=\"markdown prose w-full break-words dark:prose-invert light\"><p style=\"text-align: center;\">Sellistest betoonehitistest algas majakeste ehitamine.<\/p><\/div><\/div><\/div><\/div>\t\t\t\t\t\t\t\t<\/div>\n\t\t\t\t<\/div>\n\t\t\t\t\t<\/div>\n\t\t<\/div>\n\t\t\t\t\t<\/div>\n\t\t<\/section>\n\t\t\t\t<section class=\"elementor-section elementor-top-section elementor-element elementor-element-33694ae elementor-section-boxed elementor-section-height-default elementor-section-height-default\" data-id=\"33694ae\" data-element_type=\"section\">\n\t\t\t\t\t\t<div class=\"elementor-container elementor-column-gap-default\">\n\t\t\t\t\t<div class=\"elementor-column elementor-col-100 elementor-top-column elementor-element elementor-element-23ddd90\" data-id=\"23ddd90\" data-element_type=\"column\">\n\t\t\t<div class=\"elementor-widget-wrap elementor-element-populated\">\n\t\t\t\t\t\t<div class=\"elementor-element elementor-element-01ce15c elementor-widget elementor-widget-image\" data-id=\"01ce15c\" data-element_type=\"widget\" data-widget_type=\"image.default\">\n\t\t\t\t<div class=\"elementor-widget-container\">\n\t\t\t\t\t\t\t\t\t\t\t\t\t\t\t<img loading=\"lazy\" decoding=\"async\" width=\"640\" height=\"480\" src=\"https:\/\/planet27.eu\/wp-content\/uploads\/2024\/07\/384185944_23912813181697093_7680932029843621052_n-1024x768.jpg\" class=\"attachment-large size-large wp-image-12583\" alt=\"\" srcset=\"http:\/\/planet27.eu\/wp-content\/uploads\/2024\/07\/384185944_23912813181697093_7680932029843621052_n-1024x768.jpg 1024w, http:\/\/planet27.eu\/wp-content\/uploads\/2024\/07\/384185944_23912813181697093_7680932029843621052_n-300x225.jpg 300w, http:\/\/planet27.eu\/wp-content\/uploads\/2024\/07\/384185944_23912813181697093_7680932029843621052_n-768x576.jpg 768w, http:\/\/planet27.eu\/wp-content\/uploads\/2024\/07\/384185944_23912813181697093_7680932029843621052_n-1536x1152.jpg 1536w, http:\/\/planet27.eu\/wp-content\/uploads\/2024\/07\/384185944_23912813181697093_7680932029843621052_n-850x638.jpg 850w, http:\/\/planet27.eu\/wp-content\/uploads\/2024\/07\/384185944_23912813181697093_7680932029843621052_n-600x450.jpg 600w, http:\/\/planet27.eu\/wp-content\/uploads\/2024\/07\/384185944_23912813181697093_7680932029843621052_n-1200x900.jpg 1200w, http:\/\/planet27.eu\/wp-content\/uploads\/2024\/07\/384185944_23912813181697093_7680932029843621052_n.jpg 2048w\" sizes=\"(max-width: 640px) 100vw, 640px\" data-wp-pid=\"12583\" \/>\t\t\t\t\t\t\t\t\t\t\t\t\t\t\t<\/div>\n\t\t\t\t<\/div>\n\t\t\t\t\t<\/div>\n\t\t<\/div>\n\t\t\t\t\t<\/div>\n\t\t<\/section>\n\t\t\t\t<section class=\"elementor-section elementor-top-section elementor-element elementor-element-befee97 elementor-section-boxed elementor-section-height-default elementor-section-height-default\" data-id=\"befee97\" data-element_type=\"section\">\n\t\t\t\t\t\t<div class=\"elementor-container elementor-column-gap-default\">\n\t\t\t\t\t<div class=\"elementor-column elementor-col-100 elementor-top-column elementor-element elementor-element-08684ab\" data-id=\"08684ab\" data-element_type=\"column\">\n\t\t\t<div class=\"elementor-widget-wrap elementor-element-populated\">\n\t\t\t\t\t\t<div class=\"elementor-element elementor-element-910305c elementor-widget elementor-widget-text-editor\" data-id=\"910305c\" data-element_type=\"widget\" data-widget_type=\"text-editor.default\">\n\t\t\t\t<div class=\"elementor-widget-container\">\n\t\t\t\t\t\t\t\t\t<p style=\"text-align: center;\">J\u00e4ttes \u00f5unu v\u00f5i komme oma muinasjutukangelastele, \u00f5pivad lapsed hoolitsema teiste eest.<\/p>\t\t\t\t\t\t\t\t<\/div>\n\t\t\t\t<\/div>\n\t\t\t\t\t<\/div>\n\t\t<\/div>\n\t\t\t\t\t<\/div>\n\t\t<\/section>\n\t\t\t\t<section class=\"elementor-section elementor-top-section elementor-element elementor-element-8c8281a elementor-section-boxed elementor-section-height-default elementor-section-height-default\" data-id=\"8c8281a\" data-element_type=\"section\">\n\t\t\t\t\t\t<div class=\"elementor-container elementor-column-gap-default\">\n\t\t\t\t\t<div class=\"elementor-column elementor-col-100 elementor-top-column elementor-element elementor-element-b121abd\" data-id=\"b121abd\" data-element_type=\"column\">\n\t\t\t<div class=\"elementor-widget-wrap elementor-element-populated\">\n\t\t\t\t\t\t<div class=\"elementor-element elementor-element-1a09877 elementor-widget elementor-widget-image\" data-id=\"1a09877\" data-element_type=\"widget\" data-widget_type=\"image.default\">\n\t\t\t\t<div class=\"elementor-widget-container\">\n\t\t\t\t\t\t\t\t\t\t\t\t\t\t\t<img loading=\"lazy\" decoding=\"async\" width=\"640\" height=\"427\" src=\"https:\/\/planet27.eu\/wp-content\/uploads\/2024\/07\/poder-1024x683.jpg\" class=\"attachment-large size-large wp-image-12585\" alt=\"\" srcset=\"http:\/\/planet27.eu\/wp-content\/uploads\/2024\/07\/poder-1024x683.jpg 1024w, http:\/\/planet27.eu\/wp-content\/uploads\/2024\/07\/poder-300x200.jpg 300w, http:\/\/planet27.eu\/wp-content\/uploads\/2024\/07\/poder-768x512.jpg 768w, http:\/\/planet27.eu\/wp-content\/uploads\/2024\/07\/poder-1536x1024.jpg 1536w, http:\/\/planet27.eu\/wp-content\/uploads\/2024\/07\/poder-850x567.jpg 850w, http:\/\/planet27.eu\/wp-content\/uploads\/2024\/07\/poder-600x400.jpg 600w, http:\/\/planet27.eu\/wp-content\/uploads\/2024\/07\/poder.jpg 2048w\" sizes=\"(max-width: 640px) 100vw, 640px\" data-wp-pid=\"12585\" \/>\t\t\t\t\t\t\t\t\t\t\t\t\t\t\t<\/div>\n\t\t\t\t<\/div>\n\t\t\t\t\t<\/div>\n\t\t<\/div>\n\t\t\t\t\t<\/div>\n\t\t<\/section>\n\t\t\t\t<section class=\"elementor-section elementor-top-section elementor-element elementor-element-353b422 elementor-section-boxed elementor-section-height-default elementor-section-height-default\" data-id=\"353b422\" data-element_type=\"section\">\n\t\t\t\t\t\t<div class=\"elementor-container elementor-column-gap-default\">\n\t\t\t\t\t<div class=\"elementor-column elementor-col-100 elementor-top-column elementor-element elementor-element-ff451cb\" data-id=\"ff451cb\" data-element_type=\"column\">\n\t\t\t<div class=\"elementor-widget-wrap elementor-element-populated\">\n\t\t\t\t\t\t<div class=\"elementor-element elementor-element-483335f elementor-widget elementor-widget-image\" data-id=\"483335f\" data-element_type=\"widget\" data-widget_type=\"image.default\">\n\t\t\t\t<div class=\"elementor-widget-container\">\n\t\t\t\t\t\t\t\t\t\t\t\t\t\t\t<img loading=\"lazy\" decoding=\"async\" width=\"640\" height=\"427\" src=\"https:\/\/planet27.eu\/wp-content\/uploads\/2024\/07\/karud-1024x683.jpg\" class=\"attachment-large size-large wp-image-12586\" alt=\"\" srcset=\"http:\/\/planet27.eu\/wp-content\/uploads\/2024\/07\/karud-1024x683.jpg 1024w, http:\/\/planet27.eu\/wp-content\/uploads\/2024\/07\/karud-300x200.jpg 300w, http:\/\/planet27.eu\/wp-content\/uploads\/2024\/07\/karud-768x512.jpg 768w, http:\/\/planet27.eu\/wp-content\/uploads\/2024\/07\/karud-1536x1024.jpg 1536w, http:\/\/planet27.eu\/wp-content\/uploads\/2024\/07\/karud-850x567.jpg 850w, http:\/\/planet27.eu\/wp-content\/uploads\/2024\/07\/karud-600x400.jpg 600w, http:\/\/planet27.eu\/wp-content\/uploads\/2024\/07\/karud.jpg 2048w\" sizes=\"(max-width: 640px) 100vw, 640px\" data-wp-pid=\"12586\" \/>\t\t\t\t\t\t\t\t\t\t\t\t\t\t\t<\/div>\n\t\t\t\t<\/div>\n\t\t\t\t\t<\/div>\n\t\t<\/div>\n\t\t\t\t\t<\/div>\n\t\t<\/section>\n\t\t\t\t<section class=\"elementor-section elementor-top-section elementor-element elementor-element-75ddda3 elementor-section-boxed elementor-section-height-default elementor-section-height-default\" data-id=\"75ddda3\" data-element_type=\"section\">\n\t\t\t\t\t\t<div class=\"elementor-container elementor-column-gap-default\">\n\t\t\t\t\t<div class=\"elementor-column elementor-col-100 elementor-top-column elementor-element elementor-element-aa9430e\" data-id=\"aa9430e\" data-element_type=\"column\">\n\t\t\t<div class=\"elementor-widget-wrap elementor-element-populated\">\n\t\t\t\t\t\t\t<\/div>\n\t\t<\/div>\n\t\t\t\t\t<\/div>\n\t\t<\/section>\n\t\t\t\t<\/div>\n\t\t","protected":false},"excerpt":{"rendered":"<p>Iga\u00fche k\u00e4tes on v\u00f5im m\u00f5ista maailma enda \u00fcmber. Me usume, et igas looduse nurgas on koht v\u00f5lule ja fantaasiale. See inspireerib meid looma ainulaadseid lugusid ja paiku, kus iga\u00fcks v\u00f5ib leida omaenda v\u00f5lumaailma. M\u00f5ni aasta tagasi, vesteldes Sofiya Khomyakova, s\u00fcndis meil m\u00f5te luua Muinasjutu Rada \u00c4kkek\u00fcla metsapiirkonnas. Meid inspireeris m\u00f5te ehitada muinasjutulist rada jutustuste &#8220;K\u00fc\u00fclik&#8230;<\/p>\n","protected":false},"author":1,"featured_media":0,"parent":45,"menu_order":1,"comment_status":"closed","ping_status":"closed","template":"","meta":{"ngg_post_thumbnail":0,"footnotes":""},"_links":{"self":[{"href":"https:\/\/www.planet27.eu\/index.php?rest_route=\/wp\/v2\/pages\/12746"}],"collection":[{"href":"https:\/\/www.planet27.eu\/index.php?rest_route=\/wp\/v2\/pages"}],"about":[{"href":"https:\/\/www.planet27.eu\/index.php?rest_route=\/wp\/v2\/types\/page"}],"author":[{"embeddable":true,"href":"https:\/\/www.planet27.eu\/index.php?rest_route=\/wp\/v2\/users\/1"}],"replies":[{"embeddable":true,"href":"https:\/\/www.planet27.eu\/index.php?rest_route=%2Fwp%2Fv2%2Fcomments&post=12746"}],"version-history":[{"count":5,"href":"https:\/\/www.planet27.eu\/index.php?rest_route=\/wp\/v2\/pages\/12746\/revisions"}],"predecessor-version":[{"id":12766,"href":"https:\/\/www.planet27.eu\/index.php?rest_route=\/wp\/v2\/pages\/12746\/revisions\/12766"}],"up":[{"embeddable":true,"href":"https:\/\/www.planet27.eu\/index.php?rest_route=\/wp\/v2\/pages\/45"}],"wp:attachment":[{"href":"https:\/\/www.planet27.eu\/index.php?rest_route=%2Fwp%2Fv2%2Fmedia&parent=12746"}],"curies":[{"name":"wp","href":"https:\/\/api.w.org\/{rel}","templated":true}]}}