{"id":62,"date":"2016-08-02T05:43:20","date_gmt":"2016-08-02T02:43:20","guid":{"rendered":"http:\/\/planet27.eu\/?page_id=62"},"modified":"2024-07-13T14:48:54","modified_gmt":"2024-07-13T11:48:54","slug":"mission","status":"publish","type":"page","link":"https:\/\/www.planet27.eu\/?page_id=62&lang=et","title":{"rendered":"Mission"},"content":{"rendered":"\t\t<div data-elementor-type=\"wp-page\" data-elementor-id=\"62\" class=\"elementor elementor-62\">\n\t\t\t\t\t\t<section class=\"elementor-section elementor-top-section elementor-element elementor-element-28d1f49c elementor-section-boxed elementor-section-height-default elementor-section-height-default\" data-id=\"28d1f49c\" data-element_type=\"section\">\n\t\t\t\t\t\t<div class=\"elementor-container elementor-column-gap-default\">\n\t\t\t\t\t<div class=\"elementor-column elementor-col-100 elementor-top-column elementor-element elementor-element-291a077d\" data-id=\"291a077d\" data-element_type=\"column\">\n\t\t\t<div class=\"elementor-widget-wrap elementor-element-populated\">\n\t\t\t\t\t\t<div class=\"elementor-element elementor-element-7f4fd67b elementor-widget elementor-widget-text-editor\" data-id=\"7f4fd67b\" data-element_type=\"widget\" data-widget_type=\"text-editor.default\">\n\t\t\t\t<div class=\"elementor-widget-container\">\n\t\t\t\t\t\t\t\t\t<blockquote><p>Me elame sama taeva all ja k\u00f5igil meil on samad \u00f5igused.<\/p><\/blockquote><p>Planet 27 nime taga peitub idee muuta meie planeet kohaks, kus ei ole sotsiaalseid, rahvuslikke ega usulisi konflikte. See on &#8220;uus planeet&#8221;, kus inimestel on \u00f5nnelik lapsep\u00f5lv. Perekond ja tervislik eluviis on inimkonna eduka arengu jaoks olulised.<\/p><p>Meil on mitu suunda oma arengus.<\/p><p>Haridus:<\/p><p>\u00dcks meie prioriteetidest on tegevus, mis on seotud noorte ja nende haridusega, sealhulgas noortega, kellel on piiratud v\u00f5imalused.<\/p><p>\u00d6koloogia:<\/p><p>\u00d6koloogia ja planeedi puhtuse eest hoolitsemine on meie tegevuses sama oluline.<\/p><blockquote><p>Number 27 peetakse maagiliseks numbriks.<\/p><\/blockquote><p>Huvitavad faktid numbri 27 kohta:<\/p><p>Astroloogia:<\/p><p>Kuu suurus on veidi \u00fcle veerandi, 27 protsenti Maa suurusest. 27 t\u00e4isp\u00e4eva \u2013 Kuu p\u00f6\u00f6rlemine \u00fcmber Maa.<\/p><p>Uraanil on 27 kuud.<\/p><p>27 sf\u00e4\u00e4ri universumi mudelis, mille l\u00f5i vanakreeka teadlane Eudoxos.<\/p><p>Eudoxose j\u00e4rgi on nimetatud kraater Kuul.<\/p><p>Umbes 27% Maa maismaast katavad metsad.<\/p><p>27 koosneb k\u00fcmnendarvudest 2 ja 7 ning on tervete arvude 2\u20137 liitmise tulemus (2 + 3 + 4 + 5 + 6 + 7 = 27).<\/p><p>27 on ainus positiivne t\u00e4isarv, mis on 3 korda suurem oma numbrite summast.<\/p><p>Hispaania t\u00e4hestikus on 27 t\u00e4hte.<\/p><p>27 on vanakreeka t\u00e4hestiku t\u00e4htede koguarv.<\/p><p>27 on inimese k\u00e4es olevate luude arv.<\/p><p>Religioon:<\/p><p>27 on Uue Testamendi raamatute arv.<\/p><p>Kabalas on 27 t\u00e4hte, mis vastavad 27 kanalile Jumalaga suhtlemiseks ja 27 Jumala nime kombinatsioonile \u2013 13 ilmset ja 14 varjatud.<\/p><p>27 on budismis illusoorse maailma (rupaloka) k\u00f5rgeim tase.<\/p><p>Sport:<\/p><p>Igas t\u00e4iskasvanute pesapallimat\u0161is, sealhulgas profim\u00e4ngudes, on iga meeskonna jaoks 27 v\u00e4ljam\u00e4ngu.<\/p>\t\t\t\t\t\t\t\t<\/div>\n\t\t\t\t<\/div>\n\t\t\t\t\t<\/div>\n\t\t<\/div>\n\t\t\t\t\t<\/div>\n\t\t<\/section>\n\t\t\t\t<\/div>\n\t\t","protected":false},"excerpt":{"rendered":"<p>Me elame sama taeva all ja k\u00f5igil meil on samad \u00f5igused. Planet 27 nime taga peitub idee muuta meie planeet kohaks, kus ei ole sotsiaalseid, rahvuslikke ega usulisi konflikte. See on &#8220;uus planeet&#8221;, kus inimestel on \u00f5nnelik lapsep\u00f5lv. Perekond ja tervislik eluviis on inimkonna eduka arengu jaoks olulised. Meil on mitu suunda oma arengus. Haridus:&#8230;<\/p>\n","protected":false},"author":1,"featured_media":0,"parent":11806,"menu_order":3,"comment_status":"closed","ping_status":"closed","template":"","meta":{"ngg_post_thumbnail":0,"footnotes":""},"_links":{"self":[{"href":"https:\/\/www.planet27.eu\/index.php?rest_route=\/wp\/v2\/pages\/62"}],"collection":[{"href":"https:\/\/www.planet27.eu\/index.php?rest_route=\/wp\/v2\/pages"}],"about":[{"href":"https:\/\/www.planet27.eu\/index.php?rest_route=\/wp\/v2\/types\/page"}],"author":[{"embeddable":true,"href":"https:\/\/www.planet27.eu\/index.php?rest_route=\/wp\/v2\/users\/1"}],"replies":[{"embeddable":true,"href":"https:\/\/www.planet27.eu\/index.php?rest_route=%2Fwp%2Fv2%2Fcomments&post=62"}],"version-history":[{"count":5,"href":"https:\/\/www.planet27.eu\/index.php?rest_route=\/wp\/v2\/pages\/62\/revisions"}],"predecessor-version":[{"id":12858,"href":"https:\/\/www.planet27.eu\/index.php?rest_route=\/wp\/v2\/pages\/62\/revisions\/12858"}],"up":[{"embeddable":true,"href":"https:\/\/www.planet27.eu\/index.php?rest_route=\/wp\/v2\/pages\/11806"}],"wp:attachment":[{"href":"https:\/\/www.planet27.eu\/index.php?rest_route=%2Fwp%2Fv2%2Fmedia&parent=62"}],"curies":[{"name":"wp","href":"https:\/\/api.w.org\/{rel}","templated":true}]}}